{"id":21,"date":"2023-11-17T12:52:37","date_gmt":"2023-11-17T12:52:37","guid":{"rendered":"https:\/\/dramarciafigueira.com.br\/?page_id=21"},"modified":"2023-12-14T15:03:16","modified_gmt":"2023-12-14T15:03:16","slug":"home-2","status":"publish","type":"page","link":"https:\/\/dramarciafigueira.com.br\/","title":{"rendered":"Home"},"content":{"rendered":"\t\t<div data-elementor-type=\"wp-page\" data-elementor-id=\"21\" class=\"elementor elementor-21\">\n\t\t\t\t<div class=\"elementor-element elementor-element-189f0704 e-flex e-con-boxed e-con e-parent\" data-id=\"189f0704\" data-element_type=\"container\" data-e-type=\"container\" data-settings=\"{&quot;background_background&quot;:&quot;classic&quot;}\">\n\t\t\t\t\t<div class=\"e-con-inner\">\n\t\t<div class=\"elementor-element elementor-element-47fdce85 e-con-full e-flex elementor-invisible e-con e-child\" data-id=\"47fdce85\" data-element_type=\"container\" data-e-type=\"container\" data-settings=\"{&quot;animation&quot;:&quot;fadeInLeft&quot;}\">\n\t\t\t\t<div class=\"elementor-element elementor-element-46cd7ed8 elementor-widget elementor-widget-heading\" data-id=\"46cd7ed8\" data-element_type=\"widget\" data-e-type=\"widget\" data-widget_type=\"heading.default\">\n\t\t\t\t<div class=\"elementor-widget-container\">\n\t\t\t\t\t<h1 class=\"elementor-heading-title elementor-size-default\">Dra M\u00e1rcia Figueira Pneumologista<\/h1>\t\t\t\t<\/div>\n\t\t\t\t<\/div>\n\t\t\t\t<div class=\"elementor-element elementor-element-316b4acd elementor-widget elementor-widget-text-editor\" data-id=\"316b4acd\" data-element_type=\"widget\" data-e-type=\"widget\" data-widget_type=\"text-editor.default\">\n\t\t\t\t<div class=\"elementor-widget-container\">\n\t\t\t\t\t\t\t\t\t<p>Desde 1996 atendendo pessoas com doen\u00e7as pulmonares em Jundia\u00ed.<\/p><p>Atendimento m\u00e9dico de doen\u00e7as respirat\u00f3rias na \u00e1rea de pneumologia, como por exemplo: asma, bronquite, pneumonia, enfisema, DPOC, covid19, fibrose pulmonar.<\/p><p>Exame de espirometria para diagnosticar as doen\u00e7as respirat\u00f3rias.<\/p>\t\t\t\t\t\t\t\t<\/div>\n\t\t\t\t<\/div>\n\t\t\t\t<div class=\"elementor-element elementor-element-a14205b elementor-mobile-align-center elementor-widget elementor-widget-button\" data-id=\"a14205b\" data-element_type=\"widget\" data-e-type=\"widget\" data-widget_type=\"button.default\">\n\t\t\t\t<div class=\"elementor-widget-container\">\n\t\t\t\t\t\t\t\t\t<div class=\"elementor-button-wrapper\">\n\t\t\t\t\t<a class=\"elementor-button elementor-button-link elementor-size-md\" href=\"tel:+55%2011%204523-0793\">\n\t\t\t\t\t\t<span class=\"elementor-button-content-wrapper\">\n\t\t\t\t\t\t\t\t\t<span class=\"elementor-button-text\">Agende uma consulta<\/span>\n\t\t\t\t\t<\/span>\n\t\t\t\t\t<\/a>\n\t\t\t\t<\/div>\n\t\t\t\t\t\t\t\t<\/div>\n\t\t\t\t<\/div>\n\t\t\t\t<\/div>\n\t\t<div class=\"elementor-element elementor-element-33b0b8ef e-con-full e-flex e-con e-child\" data-id=\"33b0b8ef\" data-element_type=\"container\" data-e-type=\"container\">\n\t\t\t\t<div class=\"elementor-element elementor-element-3b04b41f elementor-invisible elementor-widget elementor-widget-image\" data-id=\"3b04b41f\" data-element_type=\"widget\" data-e-type=\"widget\" data-settings=\"{&quot;_animation&quot;:&quot;fadeInLeft&quot;}\" data-widget_type=\"image.default\">\n\t\t\t\t<div class=\"elementor-widget-container\">\n\t\t\t\t\t\t\t\t\t\t\t\t\t\t\t<img fetchpriority=\"high\" decoding=\"async\" width=\"743\" height=\"1024\" src=\"https:\/\/dramarciafigueira.com.br\/wp-content\/uploads\/2023\/12\/Marcia-1--743x1024.png\" class=\"attachment-large size-large wp-image-39\" alt=\"\" srcset=\"https:\/\/dramarciafigueira.com.br\/wp-content\/uploads\/2023\/12\/Marcia-1--743x1024.png 743w, https:\/\/dramarciafigueira.com.br\/wp-content\/uploads\/2023\/12\/Marcia-1--218x300.png 218w, https:\/\/dramarciafigueira.com.br\/wp-content\/uploads\/2023\/12\/Marcia-1--768x1059.png 768w, https:\/\/dramarciafigueira.com.br\/wp-content\/uploads\/2023\/12\/Marcia-1--1114x1536.png 1114w, https:\/\/dramarciafigueira.com.br\/wp-content\/uploads\/2023\/12\/Marcia-1--1485x2048.png 1485w\" sizes=\"(max-width: 743px) 100vw, 743px\" \/>\t\t\t\t\t\t\t\t\t\t\t\t\t\t\t<\/div>\n\t\t\t\t<\/div>\n\t\t\t\t<\/div>\n\t\t\t\t\t<\/div>\n\t\t\t\t<\/div>\n\t\t<div class=\"elementor-element elementor-element-cb153ce e-flex e-con-boxed e-con e-parent\" data-id=\"cb153ce\" data-element_type=\"container\" data-e-type=\"container\" data-settings=\"{&quot;background_background&quot;:&quot;classic&quot;}\">\n\t\t\t\t\t<div class=\"e-con-inner\">\n\t\t<div class=\"elementor-element elementor-element-7bc8e5f e-con-full e-flex e-con e-child\" data-id=\"7bc8e5f\" data-element_type=\"container\" data-e-type=\"container\">\n\t\t<div class=\"elementor-element elementor-element-256a1ba6 e-con-full e-flex e-con e-child\" data-id=\"256a1ba6\" data-element_type=\"container\" data-e-type=\"container\">\n\t\t\t\t<div class=\"elementor-element elementor-element-4697c30e elementor-invisible elementor-widget elementor-widget-image\" data-id=\"4697c30e\" data-element_type=\"widget\" data-e-type=\"widget\" data-settings=\"{&quot;_animation&quot;:&quot;fadeInLeft&quot;}\" data-widget_type=\"image.default\">\n\t\t\t\t<div class=\"elementor-widget-container\">\n\t\t\t\t\t\t\t\t\t\t\t\t\t\t\t<img decoding=\"async\" width=\"743\" height=\"1024\" src=\"https:\/\/dramarciafigueira.com.br\/wp-content\/uploads\/2023\/12\/Marcia-3-743x1024.png\" class=\"attachment-large size-large wp-image-40\" alt=\"\" srcset=\"https:\/\/dramarciafigueira.com.br\/wp-content\/uploads\/2023\/12\/Marcia-3-743x1024.png 743w, https:\/\/dramarciafigueira.com.br\/wp-content\/uploads\/2023\/12\/Marcia-3-218x300.png 218w, https:\/\/dramarciafigueira.com.br\/wp-content\/uploads\/2023\/12\/Marcia-3-768x1059.png 768w, https:\/\/dramarciafigueira.com.br\/wp-content\/uploads\/2023\/12\/Marcia-3-1114x1536.png 1114w, https:\/\/dramarciafigueira.com.br\/wp-content\/uploads\/2023\/12\/Marcia-3-1485x2048.png 1485w\" sizes=\"(max-width: 743px) 100vw, 743px\" \/>\t\t\t\t\t\t\t\t\t\t\t\t\t\t\t<\/div>\n\t\t\t\t<\/div>\n\t\t\t\t<\/div>\n\t\t\t\t<\/div>\n\t\t<div class=\"elementor-element elementor-element-7927314f e-con-full e-flex elementor-invisible e-con e-child\" data-id=\"7927314f\" data-element_type=\"container\" data-e-type=\"container\" data-settings=\"{&quot;animation&quot;:&quot;fadeInLeft&quot;}\">\n\t\t\t\t<div class=\"elementor-element elementor-element-3e617227 elementor-widget elementor-widget-heading\" data-id=\"3e617227\" data-element_type=\"widget\" data-e-type=\"widget\" data-widget_type=\"heading.default\">\n\t\t\t\t<div class=\"elementor-widget-container\">\n\t\t\t\t\t<h3 class=\"elementor-heading-title elementor-size-default\"><b>Um pouco sobre a Dra. M\u00e1rcia Figueira <\/b><\/h3>\t\t\t\t<\/div>\n\t\t\t\t<\/div>\n\t\t\t\t<div class=\"elementor-element elementor-element-32614b41 elementor-widget elementor-widget-text-editor\" data-id=\"32614b41\" data-element_type=\"widget\" data-e-type=\"widget\" data-widget_type=\"text-editor.default\">\n\t\t\t\t<div class=\"elementor-widget-container\">\n\t\t\t\t\t\t\t\t\t<p>M\u00e9dica graduada pela Faculdade de Medicina de Itajub\u00e1 em 1993.<\/p><p>T\u00edtulo de especialista em Pneumologia conferido pela Associa\u00e7\u00e3o M\u00e9dica Brasileira e Sociedade Brasileira de Pneumologia e Tisiologia.\u00a0<\/p><p>Certificado de P\u00f3s Gradua\u00e7\u00e3o Latu Sensu em Pneumologia conferido pela UniRedentor.<\/p><p>Atuando na \u00e1rea de Pneumologia Adultos desde 1996.<\/p><p>Experi\u00eancia em Asma Br\u00f4nquica, Tabagismo, DPOC, Tuberculose, Pneumonia, Fibrose Pulmonar, Pneumonite, Sequelas Covid19.<\/p><p>Membro da Sociedade Brasileira de Pneumologia e Tisiologia.<\/p>\t\t\t\t\t\t\t\t<\/div>\n\t\t\t\t<\/div>\n\t\t\t\t<\/div>\n\t\t\t\t\t<\/div>\n\t\t\t\t<\/div>\n\t\t<div class=\"elementor-element elementor-element-2facdf5c e-con-full animated-slow e-flex elementor-invisible e-con e-parent\" data-id=\"2facdf5c\" data-element_type=\"container\" data-e-type=\"container\" data-settings=\"{&quot;background_background&quot;:&quot;classic&quot;,&quot;animation&quot;:&quot;fadeInLeft&quot;}\">\n\t\t\t\t<div class=\"elementor-element elementor-element-6943a364 elementor-widget elementor-widget-heading\" data-id=\"6943a364\" data-element_type=\"widget\" data-e-type=\"widget\" data-widget_type=\"heading.default\">\n\t\t\t\t<div class=\"elementor-widget-container\">\n\t\t\t\t\t<h3 class=\"elementor-heading-title elementor-size-default\"><b>O que os meus clientes est\u00e3o dizendo<\/b><\/h3>\t\t\t\t<\/div>\n\t\t\t\t<\/div>\n\t\t<div class=\"elementor-element elementor-element-28a82f78 e-con-full e-flex e-con e-child\" data-id=\"28a82f78\" data-element_type=\"container\" data-e-type=\"container\">\n\t\t<div class=\"elementor-element elementor-element-33d0674 e-con-full e-flex e-con e-child\" data-id=\"33d0674\" data-element_type=\"container\" data-e-type=\"container\">\n\t\t\t\t<div class=\"elementor-element elementor-element-5655be8f elementor-widget elementor-widget-testimonial\" data-id=\"5655be8f\" data-element_type=\"widget\" data-e-type=\"widget\" data-widget_type=\"testimonial.default\">\n\t\t\t\t<div class=\"elementor-widget-container\">\n\t\t\t\t\t\t\t<div class=\"elementor-testimonial-wrapper\">\n\t\t\t\t\t\t\t<div class=\"elementor-testimonial-content\">Dra. M\u00e1rcia \u00e9 minha m\u00e9dica desde o ano 2000. Faz 23 anos que ela conseguiu estabilizar e me livrar das crises de asma e dos cortic\u00f3ides. Sou cantora, e n\u00e3o conseguia cantar sem a bombinha! Hoje uma bombinha dura um ano pra mim! Costumo dizer que ela \u00e9 minha \"Anja\"... Sou muito grata a Deus por t\u00ea-la em minha vida! S\u00f3 desejo luz e sa\u00fade para minha \"Anja\"! Gratid\u00e3o e muita gratid\u00e3o \ud83d\ude4f\ud83d\ude4f\ud83d\ude4f!!!!<\/div>\n\t\t\t\n\t\t\t\t\t\t<div class=\"elementor-testimonial-meta\">\n\t\t\t\t<div class=\"elementor-testimonial-meta-inner\">\n\t\t\t\t\t\n\t\t\t\t\t\t\t\t\t\t<div class=\"elementor-testimonial-details\">\n\t\t\t\t\t\t\t\t\t\t\t\t\t\t<div class=\"elementor-testimonial-name\">Angeli Ferrerezi<\/div>\n\t\t\t\t\t\t\t\t\t\t\t\t\t\t\t\t\t\t\t<\/div>\n\t\t\t\t\t\t\t\t\t<\/div>\n\t\t\t<\/div>\n\t\t\t\t\t<\/div>\n\t\t\t\t\t\t<\/div>\n\t\t\t\t<\/div>\n\t\t\t\t<\/div>\n\t\t<div class=\"elementor-element elementor-element-917b82a e-con-full e-flex e-con e-child\" data-id=\"917b82a\" data-element_type=\"container\" data-e-type=\"container\">\n\t\t\t\t<div class=\"elementor-element elementor-element-40fa393 elementor-widget elementor-widget-testimonial\" data-id=\"40fa393\" data-element_type=\"widget\" data-e-type=\"widget\" data-widget_type=\"testimonial.default\">\n\t\t\t\t<div class=\"elementor-widget-container\">\n\t\t\t\t\t\t\t<div class=\"elementor-testimonial-wrapper\">\n\t\t\t\t\t\t\t<div class=\"elementor-testimonial-content\">M\u00e9dica com M mai\u00fasculo. Maravilhosa,  atenciosa, carinhosa, preocupada em entregar o melhor aos seus clientes. Que Deus d\u00ea em dobro todo este amor. \u00c9 o que sentimos e desejamos eu e minha esposa Edna Alves a quem ela dedicou tudo o que p\u00f4de para mant\u00ea-la viva e recuperar seus \u00f3rg\u00e3os vitais, como seu pulm\u00e3o que perdeu 49 por cento de capacidade e hoje gra\u00e7as a ela e a Deus est\u00e1 com 89. Receba o nosso muito obrigado.<\/div>\n\t\t\t\n\t\t\t\t\t\t<div class=\"elementor-testimonial-meta\">\n\t\t\t\t<div class=\"elementor-testimonial-meta-inner\">\n\t\t\t\t\t\n\t\t\t\t\t\t\t\t\t\t<div class=\"elementor-testimonial-details\">\n\t\t\t\t\t\t\t\t\t\t\t\t\t\t<div class=\"elementor-testimonial-name\">Paulo Santos<\/div>\n\t\t\t\t\t\t\t\t\t\t\t\t\t\t\t\t\t\t\t<\/div>\n\t\t\t\t\t\t\t\t\t<\/div>\n\t\t\t<\/div>\n\t\t\t\t\t<\/div>\n\t\t\t\t\t\t<\/div>\n\t\t\t\t<\/div>\n\t\t\t\t<\/div>\n\t\t<div class=\"elementor-element elementor-element-1c05d8b e-con-full e-flex e-con e-child\" data-id=\"1c05d8b\" data-element_type=\"container\" data-e-type=\"container\">\n\t\t\t\t<div class=\"elementor-element elementor-element-d4866b9 elementor-widget elementor-widget-testimonial\" data-id=\"d4866b9\" data-element_type=\"widget\" data-e-type=\"widget\" data-widget_type=\"testimonial.default\">\n\t\t\t\t<div class=\"elementor-widget-container\">\n\t\t\t\t\t\t\t<div class=\"elementor-testimonial-wrapper\">\n\t\t\t\t\t\t\t<div class=\"elementor-testimonial-content\">Dra. Marcia \u00e9 uma excelente profissional. Me socorreu duas vezes em situa\u00e7\u00f5es graves.\nCom diagn\u00f3stico preciso do que estava ocorrendo, fez o devido encaminhamento do meu problema.\n\u00c9 muito cuidadosa e atenciosa com o paciente. Enquanto estive internada, ela ficava sempre em contato comigo para saber como eu estava!<\/div>\n\t\t\t\n\t\t\t\t\t\t<div class=\"elementor-testimonial-meta\">\n\t\t\t\t<div class=\"elementor-testimonial-meta-inner\">\n\t\t\t\t\t\n\t\t\t\t\t\t\t\t\t\t<div class=\"elementor-testimonial-details\">\n\t\t\t\t\t\t\t\t\t\t\t\t\t\t<div class=\"elementor-testimonial-name\">Bet\u00e2nea Favaretto<\/div>\n\t\t\t\t\t\t\t\t\t\t\t\t\t\t\t\t\t\t\t<\/div>\n\t\t\t\t\t\t\t\t\t<\/div>\n\t\t\t<\/div>\n\t\t\t\t\t<\/div>\n\t\t\t\t\t\t<\/div>\n\t\t\t\t<\/div>\n\t\t\t\t<\/div>\n\t\t<div class=\"elementor-element elementor-element-1c6652f e-con-full e-flex e-con e-child\" data-id=\"1c6652f\" data-element_type=\"container\" data-e-type=\"container\">\n\t\t\t\t<div class=\"elementor-element elementor-element-cfcce81 elementor-widget elementor-widget-testimonial\" data-id=\"cfcce81\" data-element_type=\"widget\" data-e-type=\"widget\" data-widget_type=\"testimonial.default\">\n\t\t\t\t<div class=\"elementor-widget-container\">\n\t\t\t\t\t\t\t<div class=\"elementor-testimonial-wrapper\">\n\t\t\t\t\t\t\t<div class=\"elementor-testimonial-content\">\u00d3tima,\nDra.Marcia h\u00e1 mais de 20 anos me cuidando , salvando mesmo\nDesta doen\u00e7a sem cura, mas trat\u00e1vel,\nOnde sua orienta\u00e7\u00e3o \u00e9 important\u00edssima,  e gra\u00e7as a isso,  tenho uma qualidade de vida incr\u00edvel.\nMeus parab\u00e9ns a essa doutora humana e competente, Meus sinceros agradecimentos, e muito sucesso ainda!!!!<\/div>\n\t\t\t\n\t\t\t\t\t\t<div class=\"elementor-testimonial-meta\">\n\t\t\t\t<div class=\"elementor-testimonial-meta-inner\">\n\t\t\t\t\t\n\t\t\t\t\t\t\t\t\t\t<div class=\"elementor-testimonial-details\">\n\t\t\t\t\t\t\t\t\t\t\t\t\t\t<div class=\"elementor-testimonial-name\">Susete Wildmann<\/div>\n\t\t\t\t\t\t\t\t\t\t\t\t\t\t\t\t\t\t\t<\/div>\n\t\t\t\t\t\t\t\t\t<\/div>\n\t\t\t<\/div>\n\t\t\t\t\t<\/div>\n\t\t\t\t\t\t<\/div>\n\t\t\t\t<\/div>\n\t\t\t\t<\/div>\n\t\t\t\t<\/div>\n\t\t\t\t<\/div>\n\t\t<div class=\"elementor-element elementor-element-348ea08 e-flex e-con-boxed e-con e-parent\" data-id=\"348ea08\" data-element_type=\"container\" data-e-type=\"container\">\n\t\t\t\t\t<div class=\"e-con-inner\">\n\t\t<div class=\"elementor-element elementor-element-5c92a89 e-con-full e-flex e-con e-child\" data-id=\"5c92a89\" data-element_type=\"container\" data-e-type=\"container\">\n\t\t\t\t<div class=\"elementor-element elementor-element-c57c4cf elementor-widget elementor-widget-heading\" data-id=\"c57c4cf\" data-element_type=\"widget\" data-e-type=\"widget\" data-widget_type=\"heading.default\">\n\t\t\t\t<div class=\"elementor-widget-container\">\n\t\t\t\t\t<h2 class=\"elementor-heading-title elementor-size-default\"><b>Contato<\/b><\/h2>\t\t\t\t<\/div>\n\t\t\t\t<\/div>\n\t\t\t\t<div class=\"elementor-element elementor-element-3a33dcf elementor-widget elementor-widget-menu-anchor\" data-id=\"3a33dcf\" data-element_type=\"widget\" data-e-type=\"widget\" data-widget_type=\"menu-anchor.default\">\n\t\t\t\t<div class=\"elementor-widget-container\">\n\t\t\t\t\t\t\t<div class=\"elementor-menu-anchor\" id=\"contato\"><\/div>\n\t\t\t\t\t\t<\/div>\n\t\t\t\t<\/div>\n\t\t\t\t<div class=\"elementor-element elementor-element-7fed4a8 elementor-position-inline-start elementor-mobile-position-inline-start elementor-view-default elementor-widget elementor-widget-icon-box\" data-id=\"7fed4a8\" data-element_type=\"widget\" data-e-type=\"widget\" data-widget_type=\"icon-box.default\">\n\t\t\t\t<div class=\"elementor-widget-container\">\n\t\t\t\t\t\t\t<div class=\"elementor-icon-box-wrapper\">\n\n\t\t\t\t\t\t<div class=\"elementor-icon-box-icon\">\n\t\t\t\t<a href=\"tel:+55%2011%204523-0793\" class=\"elementor-icon\" tabindex=\"-1\">\n\t\t\t\t<i aria-hidden=\"true\" class=\"fas fa-phone-alt\"><\/i>\t\t\t\t<\/a>\n\t\t\t<\/div>\n\t\t\t\n\t\t\t\t\t\t<div class=\"elementor-icon-box-content\">\n\n\t\t\t\t\n\t\t\t\t\t\t\t\t\t<p class=\"elementor-icon-box-description\">\n\t\t\t\t\t\t+55 11 4523-0793\t\t\t\t\t<\/p>\n\t\t\t\t\n\t\t\t<\/div>\n\t\t\t\n\t\t<\/div>\n\t\t\t\t\t\t<\/div>\n\t\t\t\t<\/div>\n\t\t\t\t<div class=\"elementor-element elementor-element-c20d281 elementor-position-inline-start elementor-mobile-position-inline-start elementor-view-default elementor-widget elementor-widget-icon-box\" data-id=\"c20d281\" data-element_type=\"widget\" data-e-type=\"widget\" data-widget_type=\"icon-box.default\">\n\t\t\t\t<div class=\"elementor-widget-container\">\n\t\t\t\t\t\t\t<div class=\"elementor-icon-box-wrapper\">\n\n\t\t\t\t\t\t<div class=\"elementor-icon-box-icon\">\n\t\t\t\t<span  class=\"elementor-icon\">\n\t\t\t\t<i aria-hidden=\"true\" class=\"fas fa-mobile-alt\"><\/i>\t\t\t\t<\/span>\n\t\t\t<\/div>\n\t\t\t\n\t\t\t\t\t\t<div class=\"elementor-icon-box-content\">\n\n\t\t\t\t\n\t\t\t\t\t\t\t\t\t<p class=\"elementor-icon-box-description\">\n\t\t\t\t\t\t+55 11 99703-3022\t\t\t\t\t<\/p>\n\t\t\t\t\n\t\t\t<\/div>\n\t\t\t\n\t\t<\/div>\n\t\t\t\t\t\t<\/div>\n\t\t\t\t<\/div>\n\t\t\t\t<div class=\"elementor-element elementor-element-bd829f3 elementor-position-inline-start elementor-mobile-position-inline-start elementor-view-default elementor-widget elementor-widget-icon-box\" data-id=\"bd829f3\" data-element_type=\"widget\" data-e-type=\"widget\" data-widget_type=\"icon-box.default\">\n\t\t\t\t<div class=\"elementor-widget-container\">\n\t\t\t\t\t\t\t<div class=\"elementor-icon-box-wrapper\">\n\n\t\t\t\t\t\t<div class=\"elementor-icon-box-icon\">\n\t\t\t\t<span  class=\"elementor-icon\">\n\t\t\t\t<i aria-hidden=\"true\" class=\"fas fa-map-marker-alt\"><\/i>\t\t\t\t<\/span>\n\t\t\t<\/div>\n\t\t\t\n\t\t\t\t\t\t<div class=\"elementor-icon-box-content\">\n\n\t\t\t\t\n\t\t\t\t\t\t\t\t\t<p class=\"elementor-icon-box-description\">\n\t\t\t\t\t\tR. 23 de Maio, 790 - sala 42B - Vianelo\/Bonfiglioli, Jundia\u00ed - SP, 13207-070, Brasil\t\t\t\t\t<\/p>\n\t\t\t\t\n\t\t\t<\/div>\n\t\t\t\n\t\t<\/div>\n\t\t\t\t\t\t<\/div>\n\t\t\t\t<\/div>\n\t\t\t\t<\/div>\n\t\t<div class=\"elementor-element elementor-element-f9aded2 e-con-full e-flex e-con e-child\" data-id=\"f9aded2\" data-element_type=\"container\" data-e-type=\"container\">\n\t\t\t\t<div class=\"elementor-element elementor-element-7c3c0d7 elementor-widget elementor-widget-google_maps\" data-id=\"7c3c0d7\" data-element_type=\"widget\" data-e-type=\"widget\" data-widget_type=\"google_maps.default\">\n\t\t\t\t<div class=\"elementor-widget-container\">\n\t\t\t\t\t\t\t<div class=\"elementor-custom-embed\">\n\t\t\t<iframe loading=\"lazy\"\n\t\t\t\t\tsrc=\"https:\/\/maps.google.com\/maps?q=R.%2023%20de%20Maio%2C%20790%20-%20sala%2042B%20-%20Vianelo%2FBonfiglioli%2C%20Jundia%C3%AD%20-%20SP%2C%2013207-070%2C%20Brazil&#038;t=m&#038;z=15&#038;output=embed&#038;iwloc=near\"\n\t\t\t\t\ttitle=\"R. 23 de Maio, 790 - sala 42B - Vianelo\/Bonfiglioli, Jundia\u00ed - SP, 13207-070, Brazil\"\n\t\t\t\t\taria-label=\"R. 23 de Maio, 790 - sala 42B - Vianelo\/Bonfiglioli, Jundia\u00ed - SP, 13207-070, Brazil\"\n\t\t\t><\/iframe>\n\t\t<\/div>\n\t\t\t\t\t\t<\/div>\n\t\t\t\t<\/div>\n\t\t\t\t<\/div>\n\t\t\t\t\t<\/div>\n\t\t\t\t<\/div>\n\t\t\t\t<\/div>\n\t\t","protected":false},"excerpt":{"rendered":"<p>Dra M\u00e1rcia Figueira Pneumologista Desde 1996 atendendo pessoas com doen\u00e7as pulmonares em Jundia\u00ed. Atendimento m\u00e9dico de doen\u00e7as respirat\u00f3rias na \u00e1rea de pneumologia, como por exemplo: asma, bronquite, pneumonia, enfisema, DPOC, covid19, fibrose pulmonar. Exame de espirometria para diagnosticar as doen\u00e7as respirat\u00f3rias. Agende uma consulta Um pouco sobre a Dra. M\u00e1rcia Figueira M\u00e9dica graduada pela Faculdade [&hellip;]<\/p>\n","protected":false},"author":1,"featured_media":0,"parent":0,"menu_order":0,"comment_status":"closed","ping_status":"closed","template":"","meta":{"footnotes":""},"class_list":["post-21","page","type-page","status-publish","hentry"],"_links":{"self":[{"href":"https:\/\/dramarciafigueira.com.br\/index.php\/wp-json\/wp\/v2\/pages\/21","targetHints":{"allow":["GET"]}}],"collection":[{"href":"https:\/\/dramarciafigueira.com.br\/index.php\/wp-json\/wp\/v2\/pages"}],"about":[{"href":"https:\/\/dramarciafigueira.com.br\/index.php\/wp-json\/wp\/v2\/types\/page"}],"author":[{"embeddable":true,"href":"https:\/\/dramarciafigueira.com.br\/index.php\/wp-json\/wp\/v2\/users\/1"}],"replies":[{"embeddable":true,"href":"https:\/\/dramarciafigueira.com.br\/index.php\/wp-json\/wp\/v2\/comments?post=21"}],"version-history":[{"count":50,"href":"https:\/\/dramarciafigueira.com.br\/index.php\/wp-json\/wp\/v2\/pages\/21\/revisions"}],"predecessor-version":[{"id":150,"href":"https:\/\/dramarciafigueira.com.br\/index.php\/wp-json\/wp\/v2\/pages\/21\/revisions\/150"}],"wp:attachment":[{"href":"https:\/\/dramarciafigueira.com.br\/index.php\/wp-json\/wp\/v2\/media?parent=21"}],"curies":[{"name":"wp","href":"https:\/\/api.w.org\/{rel}","templated":true}]}}